 v?
5
Suppose 2*g + 22 = -2*p + 128, p - 153 = -3*g. Let b = 115 - g. Calculate the remainder when b is divided by 11.
10
Let l = 150 - 105. Let k = l - -72. What is the remainder when k is divided by 30?
27
Suppose -3*j - 3*o = -2*j - 15, -2 = -2*j + o. What is the remainder when j is divided by 2?
1
Let n = 3 - -13. Suppose -2*r - 70 = -x, -5*x - 90 = r - 484. Calculate the remainder when x is divided by n.
14
Suppose -12*z + 4 = -11*z. Suppose 0*i - i = -4*a - 94, 3*a = -z*i + 300. What is the remainder when i is divided by 27?
24
Let u = 18518 - 18499. Suppose -2*h - 2*h = -24. What is the remainder when u is divided by h?
1
Suppose 2*m + 0*z = z + 834, 5*z + 20 = 0. Suppose -5*h + m = -3*p, 6*h - p - 415 = h. What is the remainder when h is divided by 12?
11
Let q = -396 - -447. Calculate the remainder when q is divided by 28.
23
Suppose 38*a = 41*a + 177. Let z = a + 65. Calculate the remainder when 6/27 + (-196)/(-9) is divided by z.
4
Let t(d) = 7*d**3 + 9*d**2 - d - 14. What is the remainder when t(4) is divided by 16?
14
Let v = 65 - 27. Let i(o) = -2*o**2 - 2*o + 7. Let l be i(-5). Let t = l + 43. What is the remainder when v is divided by t?
8
Suppose -5*h = -112 + 17. Let n = 50 - -29. What is the remainder when (n - 2) + 6/(-2) is divided by h?
17
Suppose -9*f + 64 = -35. Calculate the remainder when f is divided by 1.
0
Let r = 33 - 62. Let g = r - -30. What is the remainder when (g/(-3))/(17/(-255)) is divided by 2?
1
Let a(k) = k**3 - k**2 - 3*k + 1. Let w be a(2). Let h = w - -6. Calculate the remainder when 6/(-21) + 135/7 is divided by h.
4
Let o be 9*(15/(-9) + 1). Let a be o*((2 - 3) + 0). Let l = a + 4. What is the remainder when 27 is divided by l?
7
Let q(g) = -6*g - 35. Let m be q(-7). Suppose -m*w + 112 = w. What is the remainder when 27 is divided by w?
13
Let z = -23 - -54. Let x(c) = -18*c**2 + 6*c + 11. Let o be x(-3). Let d = o - -259. Calculate the remainder when d is divided by z.
28
Suppose 0 = -5*n + 54 + 6. Calculate the remainder when 11 - (-29)/((-87)/(-72)) is divided by n.
11
Let t(d) = -10*d + 5. Let y be t(-5). Suppose 3*b + 5 = 17. Suppose -w - y = -4*o, 5*w + 0*w + 51 = b*o. Calculate the remainder when o is divided by 5.
4
Let c = 193 + -184. Calculate the remainder when 19 is divided by c.
1
Suppose 0 = 5*t - 25, -4*f - t + 2*t + 87 = 0. Suppose 5*n - 10 = -0*n. Calculate the remainder when f is divided by 5 - (-3 + 1)/n.
5
Suppose -10*n - 603 + 843 = 0. Let b(k) = 9*k**2 + k + 1. Calculate the remainder when n is divided by b(-1).
6
Let a(p) = p**2 - 6*p + 10. Let u be 11/7 - 9/(-21). Suppose -u*f = -8 - 4. Calculate the remainder when 37 is divided by a(f).
7
Suppose 3*q + 29 = 2*t - 0*t, 27 = -q + 5*t. Calculate the remainder when 22 is divided by q/(-21) + (-35)/(-3).
10
Let n(p) = p**3 + 11*p**2 - 13*p - 2. What is the remainder when 59 is divided by n(-12)?
9
Suppose 0 = -a - j + 48, 4*a + j = 6*a - 84. What is the remainder when a is divided by 31?
13
Let y(r) = -2*r**2 + 8*r - 9. Let b be y(6). Calculate the remainder when 322/6 - 11/b is divided by 14.
12
Let u be -1 + (26 - -1) + 4. Let s = u - 29. What is the remainder when 1 is divided by s?
0
Suppose -4*f = 3*o - 3*f - 51, -2*f - 42 = -3*o. Calculate the remainder when 92 is divided by o.
12
Let r = 198 - 185. Calculate the remainder when 36 + -12 + 0/1 is divided by r.
11
Suppose -2*s + 307 = i, 312 = -i + 2*i - 3*s. Suppose 8*g = 411 + i. What is the remainder when g is divided by ((-70)/(-4) + -2)*2?
28
Let d be (7 + 0)/(7/14). Let x = d - -2. What is the remainder when x is divided by 9?
7
Suppose 0*x + 4*x = 64. Suppose 15*n + 78 = 16*n. Calculate the remainder when n is divided by x.
14
Let d(k) = -k**2 - 17*k + 49. Let c(a) = 2*a**2 + 5*a - 5. What is the remainder when c(-5) is divided by d(-19)?
9
Suppose -z + 3*d + 3 = 0, 4*z - 4*d - 12 = -0*d. Suppose -7*f + 2*f + 550 = 0. Suppose -z*y = 11 - f. Calculate the remainder when y is divided by 9.
6
Let b = -69 - -82. Suppose -476 = 9*g - b*g. Calculate the remainder when g is divided by 30.
29
Let f(r) = -r**2 + 6*r + 11. Calculate the remainder when 331 is divided by f(5).
11
What is the remainder when (3 + -1)/(4 - 10115/2533) is divided by 30?
28
Let o(g) = g - 1. Let p = -28 + 26. Let j be o(p). Let f(u) = -5*u**3 - u**2 + 3*u + 2. Calculate the remainder when f(j) is divided by 40.
39
Calculate the remainder when (-12675)/130*((-1)/5 + -1) is divided by 12.
9
Suppose 2*h - 12 = -5*n + 28, -2*h + 2*n = -26. What is the remainder when 28 is divided by h?
13
Let n be 27/(-5) + (-44)/(-10) + -4. What is the remainder when 137 is divided by (-14)/n*(-15)/(-3)?
11
Suppose -11*w + 2937 = -0*w. Calculate the remainder when w is divided by 45.
42
Suppose 0 = -z + 5*a + 84, 3*a - 4*a - 412 = -4*z. What is the remainder when z is divided by 23?
12
Suppose -22*w = -21*w - 4*m - 12, 3*m = -3*w + 21. What is the remainder when 36 is divided by w?
4
Let f(t) = 25*t + 74. What is the remainder when f(4) is divided by 35?
34
Let p(j) = j**2 - j + 15. Let c be p(0). Let s = c + -10. What is the remainder when s is divided by 2/((-2 - -4) + -1)?
1
Suppose 1134 = 46*d + 8*d. Let n(l) = -2*l. Calculate the remainder when d is divided by n(-2).
1
Let s = -3 - -41. Calculate the remainder when 123 is divided by s.
9
Let t be 681/27 - (-6)/(-27). Let q(z) = -21 + 6*z**2 + 2*z**2 - 4*z + 3*z + t. Calculate the remainder when q(-3) is divided by 20.
19
Let a(f) = 7*f**2 + 12*f - 43. What is the remainder when a(4) is divided by 24?
21
Suppose -15*b = -19*b + 156. Let s = 285 - 91. What is the remainder when s is divided by b?
38
Suppose 2*j = 15 - 33. Let v = -5 - j. Suppose v*u = u + 18. What is the remainder when 9 is divided by u?
3
Calculate the remainder when (0 - 66/(-9))/(2/33) is divided by 21.
16
Let l = 465 + -397. What is the remainder when l is divided by 37?
31
Suppose -3*c + 65 = 10*c. Suppose -112 - c = -9*o. Calculate the remainder when 4*((-93)/2)/(-3) is divided by o.
10
Calculate the remainder when -10 - (-11 - -2) - -252 is divided by 17.
13
Suppose -5*y - 49 = -4*w, -9*w + 8*w - 2*y - 4 = 0. Calculate the remainder when 11 is divided by w.
5
Suppose -2*b - 120 = -10*b. Suppose 7 = 2*j - b. Calculate the remainder when (-84)/(-10)*(-5)/(-1) is divided by j.
9
Suppose -17 = 2*x - 3*x. Suppose -22*h - 7*h + 290 = 0. Calculate the remainder when 1*(x + -2 + 3) is divided by h.
8
Suppose q = 27 + 1. Suppose 442 - 27 = 5*f. What is the remainder when f is divided by q?
27
Let j(c) = -5*c + 233. What is the remainder when j(16) is divided by 37?
5
Let b(l) = -91*l + 1. Let z be b(1). Let v = 117 - z. What is the remainder when 67 is divided by (2/(-6))/((-3)/v)?
21
Suppose -2*t + 100 = 2*k - 0*k, 2*t = 3*k + 120. Let q = 61 - t. Calculate the remainder when 26 is divided by q.
5
What is the remainder when 173 is divided by ((-3)/(-2))/((-15)/(-440))?
41
Suppose 6*m - 77 = -m. Let i(z) = 7*z - 61. What is the remainder when i(m) is divided by 9?
7
Suppose 4*d - 6*d + 5*l = -52, 0 = l + 2. Calculate the remainder when 83 is divided by d.
20
Let h = -402 + 408. Calculate the remainder when 7 is divided by h.
1
Suppose -n - 5*m - 156 = n, -312 = 4*n - 3*m. Let u = n - -86. What is the remainder when 36 is divided by u?
4
Let i(d) be the first derivative of -11*d**2/2 + 3*d + 1. Suppose -10*l - 53 = -13. Calculate the remainder when i(l) is divided by 16.
15
Suppose 96 = 2*x - 4*k, 0 = -2*x + x + 5*k + 33. Calculate the remainder when x is divided by 10.
8
Let h = 42 - 22. Suppose 0 = -56*q + 114*q - 2262. Calculate the remainder when q is divided by h.
19
Let l = -321 + 330. Calculate the remainder when 237 is divided by l.
3
Suppose -n - 5*l = n - 168, 2*l - 399 = -5*n. What is the remainder when n is divided by 21?
16
Suppose -232 - 84 = -4*k. Calculate the remainder when k is divided by 15.
4
Let a(i) = -41*i**3 + i**2 + i + 2. Let s(n) = n**3 - 1. Let u(h) = -a(h) - 4*s(h). Let x = -3 + 11. Calculate the remainder when u(1) is divided by x.
5
Let h(c) be the third derivative of -c**4/24 + c**3/6 + 88*c**2. Let w(k) = -4*k**2 + k. Let n be w(-1). What is the remainder when 27 is divided by h(n)?
3
Let m = 1834 + -1820. What is the remainder when 321 is divided by m?
13
Suppose 7*u